22201 (base 4) to base 11.
101076
604663 (base 7) to base 5
11240203
Convert 533537 (base 10) to base 15.
a8142
Convert 13823d (base 14) to base 2.
10100100111010001111
What is 2223213021 (base 4) in base 6?
23022133
-53869 (base 15) to base 5
-31441044
What is -708a16 (base 13) in base 15?
-36ac0b
What is -1300202130 (base 4) in base 9?
-772273
What is -109908 (base 11) in base 3?
-22211212011
Convert -1767524 (base 9) to base 3.
-1212021120211
514401 (base 8) to base 16
29901
Convert 16644645 (base 7) to base 8.
6206156
What is -34219 (base 10) in base 16?
-85ab
34134303 (base 5) to base 15
5e938
Convert 1fc2f1 (base 16) to base 3.
10220202022101
Convert -6a4604 (base 11) to base 9.
-2084587
64d45 (base 14) to base 10
244081
-4100c0 (base 15) to base 14
-5a5693
Convert -12f59 (base 16) to base 11.
-53388
What is 391546 (base 15) in base 16?
29c88c
Convert 8cea (base 15) to base 12.
15394
-11010001111111001 (base 2) to base 8
-321771
What is -372b61 (base 13) in base 16?
-1424ca
Convert 159181 (base 11) to base 16.
3c2ad
What is -1767351 (base 8) in base 4?
-1332323221
What is 101210112221 (base 3) in base 14?
57658
Convert -104114033 (base 5) to base 2.
-1101111101010110001
Convert -19b3909 (base 14) to base 12.
-4354a59
Convert 11101000000100011101 (base 2) to base 15.
13b9a7
What is -54503 (base 10) in base 12?
-2765b
-366547 (base 8) to base 14
-34063
What is -32131012 (base 6) in base 7?
-11014061
What is -1a463 (base 16) in base 3?
-12110121220
Convert a6717 (base 12) to base 4.
311122003
-14104442 (base 5) to base 6
-3032220
What is -100010000101110100 (base 2) in base 8?
-420564
302254 (base 9) to base 12
87594
What is -488854 (base 9) in base 16?
-4812d
126544 (base 10) to base 8
367120
123a0 (base 16) to base 3
10210102001
3c051 (base 14) to base 11
a1420
What is -178627 (base 12) in base 3?
-202202122011
Convert -202211002001201 (base 3) to base 11.
-6277071
4201352 (base 8) to base 4
10100023222
What is 19a99 (base 16) in base 12?
509b5
-11572 (base 9) to base 6
-55532
Convert -10000101010001101100 (base 2) to base 12.
-223ab8
-dc023e (base 16) to base 15
-13ec22e
4a22a (base 14) to base 2
101100010100011110
-11043034040 (base 5) to base 11
-6901301
558d1 (base 16) to base 3
122210200102
What is -118b29a (base 13) in base 5?
-2343414342
1113240021 (base 5) to base 7
30026031
What is -104012043 (base 5) in base 16?
-6ed87
Convert -5d39 (base 16) to base 3.
-1012201220
What is 21002424 (base 8) in base 12?
15ab870
Convert -18a44a (base 11) to base 12.
-120bb7
Convert -2744423 (base 9) to base 8.
-5574702
5236645 (base 7) to base 5
130201242
What is 494ca (base 13) in base 6?
2520203
What is -1011022002201 (base 3) in base 15?
-c281d
121330303 (base 5) to base 9
1064126
What is -3b340 (base 14) in base 13?
-51648
Convert -11123 (base 12) to base 2.
-101100001101011
-a09a5 (base 12) to base 7
-1526456
What is -9182 (base 12) in base 14?
-5a82
357954 (base 10) to base 3
200012000120
-42886a (base 12) to base 16
-100cd2
What is 3211110 (base 5) in base 7?
313105
-2143003 (base 6) to base 14
-2ad75
Convert 1011011001100000111100 (base 2) to base 11.
1760aa8
What is 12112111102011 (base 3) in base 13?
7c0468
-285540 (base 9) to base 7
-1325151
What is -31231131 (base 5) in base 7?
-2124015
-25846 (base 15) to base 3
-20002121010
80527 (base 10) to base 6
1420451
23c5 (base 14) to base 15
1cb9
Convert -1132013 (base 7) to base 4.
-202300103
What is 30312020 (base 4) in base 6?
1043332
Convert -5a714 (base 14) to base 9.
-366025
Convert 21b5b (base 16) to base 15.
2ada0
What is -61420 (base 8) in base 10?
-25360
What is -10001001101001 (base 2) in base 5?
-240214
45570 (base 9) to base 14
b0c5
What is 3c8236 (base 13) in base 3?
2202220201201
What is -1411141411 (base 5) in base 2?
-1101110010100111111111
What is 52653224 (base 8) in base 3?
210010111001020
What is 14170 (base 9) in base 11?
7257
What is -110220211122 (base 3) in base 7?
-2106260
Convert 36863 (base 9) to base 16.
60ba
-101200101022 (base 3) to base 11
-133a49
-26378 (base 9) to base 5
-1032220
Convert 1154651 (base 8) to base 16.
4d9a9
Convert -19435 (base 14) to base 13.
-23149
-133402203 (base 6) to base 14
-500987
-8891c (base 13) to base 9
-416582
What is -101010100110000110110001 (base 2) in base 7?
-163624212
Convert -1320033112 (base 4) to base 5.
-111230002
Convert -2205b (base 12) to base 5.
-2414444
929062 (base 11) to base 12
5ba884
What is 101011000010101111001 (base 2) in base 6?
50121425
-19569 (base 11) to base 4
-12222210
46b93 (base 15) to base 4
313001103
-1010100001111 (base 2) to base 11
-4061
Convert 2223022031 (base 4) to base 8.
2531215
What is -13111424 (base 7) in base 9?
-2222852
What is 112210111200 (base 3) in base 13?
a2741
Convert -11001011011000 (base 2) to base 4.
-3023120
Convert 5776915 (base 10) to base 7.
100050214
What is -7614 (base 11) in base 16?
-274a
50215 (base 14) to base 10
192491
What is 1424327 (base 10) in base 13?
3ab3c8
Convert -35360 (base 8) to base 6.
-153504
Convert 66355 (base 8) to base 13.
c900
What is -3636e7 (base 15) in base 5?
-1130443232
5044014 (base 9) to base 4
22033312222
-17236047 (base 8) to base 16
-3d3c27
-d378bd (base 14) to base 7
-114405026
What is -5389a2 (base 11) in base 13?
-241bab
What is -628766 (base 11) in base 16?
-f5e33
Convert 200060454 (base 7) to base 8.
54023263
47357 (base 9) to base 15
9597
-18b635 (base 12) to base 3
-211002012112
2155c (base 16) to base 7
1106035
Convert 38996b (base 14) to base 16.
1db6db
-15a0bc2 (base 13) to base 3
-111010011021112
What is -1110210231 (base 4) in base 2?
-1010100100100101101
What is 2012011202222 (base 3) in base 10?
1164779
-13165319 (base 10) to base 2
-110010001110001100000111
Convert -2297036 (base 10) to base 5.
-1042001121
Convert 3324351 (base 7) to base 14.
a9461
10311031221 (base 4) to base 14
24d7cd
Convert 9a6b3 (base 14) to base 15.
75e7c
2982009 (base 10) to base 7
34226622
-101301322000 (base 4) to base 9
-8683447
What is -5466244 (base 9) in base 4?
-23031013333
What is 2c0821a (base 13) in base 12?
489347b
10000011101011111000100 (base 2) to base 8
20353704
What is 1121042232 (base 5) in base 14?
497b2a
-36863 (base 15) to base 14
-475bc
What is 3398179 (base 12) in base 13?
208a634
Convert 2761402 (base 8) to base 14.
163c78
-155153653 (base 7) to base 2
-101000000011101101000110
What is 706ba (base 12) in base 5?
14134113
Convert -32315140 (base 6) to base 7.
-11102403
What is -6434254 (base 7) in base 14?
-164cd4
1bc2c (base 15) to base 4
112011330
What is -277510 (base 11) in base 3?
-211002001102
Convert 1130458 (base 9) to base 7.
5122013
2634332 (base 7) to base 4
1110030311
What is 3432480 (base 10) in base 15?
47c070
What is -233433 (base 9) in base 6?
-3001350
-3538244 (base 11) to base 13
-1382737
Convert -35566 (base 16) to base 13.
-78595
Convert -14953 (base 11) to base 3.
-1001221221
Convert -134040434 (base 5) to base 8.
-2503707
Convert 3112243241 (base 5) to base 2.
11000010010110100111011
What is -1002011201112 (base 3) in base 14?
-10d3bc
Convert -3220113311 (base 5) to base 15.
-8e5206
Convert 1467577 (base 8) to base 13.
119c80
1542531 (base 7) to base 10
212241
What is -541437 (base 8) in base 5?
-21243043
Convert 102200414 (base 8) to base 14.
24412a0
-454483 (base 11) to base 4
-2300211230
Convert -48063 (base 11) to base 4.
-100322201
What is 206575 (base 10) in base 5?
23102300
-106456 (base 9) to base 12
-30b06
What is -1b4251 (base 16) in base 9?
-3322483
What is -224421550 (base 6) in base 11?
-2378370
-203d60 (base 14) to base 13
-2c070b
33031040 (base 6) to base 7
11235345
What is 133524025 (base 6) in base 10?
2701745
10010000001100100100001 (base 2) to base 13
c95896
Convert -2120223001 (base 4) to base 12.
-261a81
Convert -302680 (base 10) to base 12.
-1271b4
Convert -3427511 (base 8) to base 4.
-3202331021
What is -ea211 (base 15) in base 6?
-23531354
Convert -100043441 (base 5) to base 14.
-a363b
-4143033 (base 5) to base 6
-1245114
Convert -112112120 (base 3) to base 11.
-7a66
34690 (base 12) to base 4
101013030
Convert -12120022010 (base 3) to base 8.
-326001
-3799734 (base 11) to base 8
-31100460
What is 1010101001111001000 (base 2) in base 5?
42133003
10221011220212 (base 3) to base 10
